3?
False
Is 925083315 a multiple of 634?
False
Is 11962218 a multiple of 31?
True
Does 41 divide 7932440?
False
Is 404038799 a multiple of 48?
False
Does 18 divide 363138671?
False
Does 322 divide 37550030?
True
Is 37 a factor of 51890317?
True
Is 100634663 a multiple of 2?
False
Is 30332583 a multiple of 45?
False
Is 156340460 a multiple of 530?
True
Is 23882832 a multiple of 36?
True
Is 824 a factor of 37979234?
False
Is 7794930 a multiple of 1430?
True
Is 71120011 a multiple of 53?
True
Is 79235824 a multiple of 8?
True
Is 1580 a factor of 718702500?
True
Does 8 divide 173408700?
False
Is 52 a factor of 87014275?
False
Is 392 a factor of 480800609?
False
Is 599 a factor of 254586980?
True
Does 3272 divide 296292526?
False
Does 306 divide 14329756?
False
Does 367 divide 1577375542?
True
Is 8 a factor of 30800375?
False
Is 1636 a factor of 67152892?
True
Is 91278105 a multiple of 1131?
False
Is 2739935 a multiple of 341?
True
Is 45 a factor of 100429034?
False
Is 62 a factor of 47110824?
True
Is 214 a factor of 20019914?
True
Does 718 divide 58398498?
False
Does 62 divide 1107804?
False
Is 56 a factor of 68079785?
False
Is 344285437 a multiple of 709?
True
Is 5453982 a multiple of 151?
False
Does 1183 divide 331509891?
False
Does 2 divide 5758558?
True
Does 40 divide 1663627435?
False
Is 22 a factor of 644950636?
True
Is 2866 a factor of 379492792?
True
Does 2010 divide 532583744?
False
Is 31 a factor of 65692441?
True
Does 26 divide 710749754?
True
Is 439 a factor of 2260086?
False
Is 71 a factor of 48203898?
False
Is 3032098 a multiple of 1155?
False
Is 294 a factor of 780570?
True
Is 1649137806 a multiple of 6966?
True
Does 262 divide 16268628?
True
Does 109 divide 774500154?
True
Does 11 divide 1834035947?
False
Is 644 a factor of 372475432?
True
Is 361 a factor of 470013035?
False
Does 17 divide 17732122?
True
Is 70656410 a multiple of 20?
False
Is 13 a factor of 458615110?
False
Is 7 a factor of 49601877?
False
Is 101555729 a multiple of 913?
True
Is 30165528 a multiple of 9?
False
Does 778 divide 9489970?
False
Is 7 a factor of 387276344?
True
Does 4 divide 517349072?
True
Is 39359419 a multiple of 148?
False
Is 4724022 a multiple of 2?
True
Does 16 divide 460170192?
True
Is 18 a factor of 118609535?
False
Is 57896928 a multiple of 48?
True
Does 4 divide 1497812?
True
Does 963 divide 61518366?
True
Is 17 a factor of 3248575725?
False
Is 1745203 a multiple of 17?
True
Is 106985343 a multiple of 25?
False
Is 16419945 a multiple of 12?
False
Is 499551748 a multiple of 90?
False
Is 12 a factor of 42788868?
True
Does 11 divide 111987953?
True
Is 90209112 a multiple of 21?
True
Is 150462471 a multiple of 316?
False
Is 717541704 a multiple of 22?
True
Does 1597 divide 1160924118?
False
Is 926 a factor of 10990694?
True
Is 408050772 a multiple of 82?
False
Is 516425695 a multiple of 245?
False
Does 62 divide 84462415?
False
Is 725109 a multiple of 473?
True
Is 23 a factor of 154669342?
True
Is 5029131137 a multiple of 372?
False
Is 71439732 a multiple of 21?
True
Is 1149 a factor of 11209644?
True
Does 66 divide 64064880?
True
Is 13255874 a multiple of 8?
False
Is 2195 a factor of 200067665?
True
Does 4 divide 3817270?
False
Does 518 divide 101648646?
False
Does 9 divide 398760669?
True
Is 3324646237 a multiple of 5945?
False
Is 44593529 a multiple of 344?
False
Does 37 divide 9638019?
True
Is 962639766 a multiple of 2421?
False
Does 2858 divide 236896762?
True
Is 77 a factor of 98665868?
False
Is 68355608 a multiple of 20?
False
Is 68771319 a multiple of 129?
True
Does 82 divide 293135745?
False
Does 14 divide 1686550?
False
Is 45 a factor of 2937645?
True
Does 10 divide 445583921?
False
Is 34058151 a multiple of 9?
True
Is 22210880 a multiple of 32?
True
Is 7 a factor of 61352585?
True
Does 10 divide 122556190?
True
Is 336 a factor of 9365426?
False
Does 3481 divide 127686561?
True
Does 308 divide 870905?
False
Does 3 divide 23202150?
True
Is 48621457 a multiple of 16?
False
Is 175 a factor of 221414228?
False
Is 16 a factor of 310613896?
False
Does 182 divide 15730078?
True
Does 13 divide 248722604?
True
Does 666 divide 519511968?
True
Is 13 a factor of 3773486730?
True
Is 1109 a factor of 635413322?
False
Is 4635 a factor of 202308480?
True
Is 219 a factor of 82297791?
True
Is 622702107 a multiple of 177?
True
Is 278635886 a multiple of 7?
False
Does 13245 divide 1465771170?
True
Is 1015 a factor of 130910644?
False
Is 18 a factor of 2864680956?
True
Does 1948 divide 121268040?
False
Does 13 divide 536384745?
True
Does 27 divide 152177967?
True
Is 7713781305 a multiple of 93?
True
Is 121787820 a multiple of 18?
True
Does 4 divide 5128932?
True
Is 3068822218 a multiple of 8162?
True
Is 45 a factor of 12085261?
False
Does 76 divide 355812772?
True
Does 5 divide 5008815?
True
Does 31 divide 19639089?
True
Is 404 a factor of 19402100?
True
Is 14 a factor of 211074276?
True
Does 2521 divide 116151100?
False
Is 14 a factor of 106255666?
False
Is 9010908 a multiple of 36?
True
Is 238779450 a multiple of 1275?
True
Is 173 a factor of 898258039?
True
Is 40275644 a multiple of 19?
False
Does 6 divide 1743804336?
True
Is 3229930 a multiple of 10?
True
Does 36 divide 23106240?
True
Is 254 a factor of 310900318?
True
Does 7 divide 35462840?
True
Is 800080961 a multiple of 2454?
False
Does 278 divide 1650208?
True
Does 22 divide 3673252?
True
Is 108 a factor of 3841750404?
True
Does 404 divide 69283576?
True
Is 691 a factor of 4269004782?
False
Is 11 a factor of 483595398?
True
Does 583 divide 734360792?
True
Is 8599584 a multiple of 1146?
True
Is 444804431 a multiple of 602?
False
Is 250937835 a multiple of 305?
True
Does 184 divide 2269371056?
False
Is 312630050 a multiple of 51?
False
Does 429 divide 12409317?
False
Is 37460290 a multiple of 914?
True
Is 4 a factor of 256476783?
False
Is 1722833718 a multiple of 539?
False
Does 10 divide 215289913?
False
Is 777922236 a multiple of 91?
True
Does 914 divide 9282155?
False
Is 4809 a factor of 523050885?
True
Is 54238912 a multiple of 134?
True
Is 90 a factor of 21472020?
True
Is 560 a factor of 2718177840?
True
Is 446 a factor of 559684062?
True
Does 99 divide 155346246?
True
Does 313 divide 102168414?
False
Does 21 divide 229711230?
True
Does 93 divide 315854610?
False
Does 7111 divide 794220479?
True
Is 617 a factor of 3417572924?
False
Is 531 a factor of 23447898?
True
Does 4819 divide 50387464?
True
Is 1030412 a multiple of 206?
True
Is 117654786 a multiple of 18?
True
Is 566 a factor of 158133839?
False
Is 349515810 a multiple of 405?
True
Does 129 divide 33311498?
False
Is 43 a factor of 59547905?
True
Does 691 divide 382206839?
False
Is 381 a factor of 945261?
True
Is 1775987050 a multiple of 7559?
True
Is 12 a factor of 53172044?
False
Does 440 divide 7840026335?
False
Does 315 divide 984812042?
False
Is 3627 a multiple of 7?
False
Is 455 a factor of 344246175?
True
Is 5387 a factor of 1914216580?
True
Is 102 a factor of 30080718?
True
Is 420 a factor of 650437620?
True
Is 2582 a factor of 1237965720?
True
Is 121 a factor of 2423751?
True
Is 600986130 a multiple of 605?
False
Is 3654471531 a multiple of 23?
False
Does 15 divide 2010480?
True
Is 33 a factor of 15279066?
True
Is 366 a factor of 401922168?
True
Is 44 a factor of 35352416?
True
Is 100 a factor of 181190017?
False
Is 21 a factor of 3069150?
True
Is 165 a factor of 199133938?
False
Is 69 a factor of 1692624648?
True
Does 288 divide 248739270?
False
Is 73 a factor of 2741657262?
False
Is 77348516 a multiple of 14?
True
Does 15 divide 115336115?
False
Is 325 a factor of 78372450?
True
Is 54 a factor of 70677252?
True
Does 140 divide 108654840?
True
Is 1454689780 a multiple of 1683?
False
Is 2061686560 a multiple of 136?
True
Is 3421545 a multiple of 15?
True
Does 506 divide 16428299?
False
Is 3 a factor of 2803961?
False
Does 2974 divide 383488378?
True
Does 9 divide 1066131?
True
Is 3 a factor of 53808779?
False
Is 1101875 a multiple of 1763?
True
Is 1692 a factor of 17999496?
True
Is 553 a factor of 12744991?
True
Does 47 divide 227497052?
False
Does 13 divide 81457805?
True
Is 9 a factor of 24282207?
True
Does 161 divide 476301917?
True
Is 6948845 a multiple of 127?
False
Is 6 a factor of 4465554?
True
Does 54 divide 497300554?
